{"id":153,"date":"2020-07-14T11:38:21","date_gmt":"2020-07-14T11:38:21","guid":{"rendered":"http:\/\/pferdekultur.at\/?page_id=153"},"modified":"2020-07-14T12:13:05","modified_gmt":"2020-07-14T12:13:05","slug":"dressurreiten-allgemein","status":"publish","type":"page","link":"http:\/\/pferdekultur.at\/?page_id=153","title":{"rendered":"Dressurreiten allgemein"},"content":{"rendered":"\n<p><strong>Dressurreiten<\/strong> ist eine Disziplin des Pferdesports, bei der die nat\u00fcrlichen Veranlagungen des Pferdes durch gymnastische \u00dcbungen gef\u00f6rdert und verfeinert werden. Das Dressurreiten hat das rittige Pferd zum Ziel, das auf minimale Signale (<strong>\u201e<\/strong>Hilfen<strong>\u201c<\/strong>) hin zum exakten Ausf\u00fchren einer gew\u00fcnschten Aufgabe (\u201eLektion\u201c) veranlasst werden kann. Die dressurm\u00e4\u00dfige Ausbildung des Pferdes stellt die Grundlage jeder reiterlichen Bet\u00e4tigung dar und findet ihre Vollendung in der \u201eHohen Schule\u201c. Ma\u00dfgeblich f\u00fcr die Ausbildung aller Pferde in der Dressur ist die sogenannte <strong><a href=\"http:\/\/pferdekultur.at\/?page_id=106\">Skala der Ausbildung<\/a>.<\/strong><\/p>\n\n\n\n<div class=\"wp-block-columns is-layout-flex wp-container-3\">\n<div class=\"wp-block-column is-layout-flow\">\n<div class=\"alignnormal\"><div id=\"metaslider-id-83\" style=\"width: 100%;\" class=\"ml-slider-3-105-0 metaslider metaslider-flex metaslider-83 ml-slider has-dots-nav ms-theme-default\" role=\"region\" aria-label=\"Dressur\" data-height=\"400\" data-width=\"600\">\n    <div id=\"metaslider_container_83\">\n        <div id=\"metaslider_83\">\n            <ul class='slides'>\n                <li style=\"display: block; width: 100%;\" class=\"slide-87 ms-image \" aria-roledescription=\"slide\" data-date=\"2020-07-14 08:47:08\" data-filename=\"P1520822-400x266.jpg\" data-slide-type=\"image\"><img src=\"http:\/\/pferdekultur.at\/wp-content\/uploads\/2020\/07\/P1520822-400x266.jpg\" height=\"400\" width=\"600\" alt=\"\" class=\"slider-83 slide-87 msDefaultImage\" title=\"P1520822\" \/><\/li>\n                <li style=\"display: none; width: 100%;\" class=\"slide-88 ms-image \" aria-roledescription=\"slide\" data-date=\"2020-07-14 08:47:08\" data-filename=\"IMG_2501-scaled-600x400.jpg\" data-slide-type=\"image\"><img src=\"http:\/\/pferdekultur.at\/wp-content\/uploads\/2020\/07\/IMG_2501-scaled-600x400.jpg\" height=\"400\" width=\"600\" alt=\"\" class=\"slider-83 slide-88 msDefaultImage\" title=\"IMG_2501\" \/><\/li>\n                <li style=\"display: none; width: 100%;\" class=\"slide-89 ms-image \" aria-roledescription=\"slide\" data-date=\"2020-07-14 08:47:08\" data-filename=\"P1520544-400x266.jpg\" data-slide-type=\"image\"><img src=\"http:\/\/pferdekultur.at\/wp-content\/uploads\/2020\/07\/P1520544-400x266.jpg\" height=\"400\" width=\"600\" alt=\"\" class=\"slider-83 slide-89 msDefaultImage\" title=\"P1520544\" \/><\/li>\n            <\/ul>\n        <\/div>\n        \n    <\/div>\n<\/div><\/div>\n<\/div>\n\n\n\n<div class=\"wp-block-column is-layout-flow\"><\/div>\n<\/div>\n\n\n\n<p>Dressurreiten f\u00f6rdert und verfeinert die nat\u00fcrlichen Bewegungen des Pferdes und erm\u00f6glicht ihm, das Gewicht des Reiters optimal zu tragen und tr\u00e4gt dadurch zur Gesunderhaltung des Pferdes bei. Dressur bedeutet in diesem Zusammenhang weniger das Konditionieren des Pferdes auf Kommandos im Sinne einer Freiheitsdressur als vielmehr die Gymnastizierung und Sensibilisierung des Pferdes zur Erh\u00f6hung von Kraft, Beweglichkeit und Durchl\u00e4ssigkeit.<\/p>\n\n\n\n<p>Auf Turnieren werden Reiter und Pferde in Dressuraufgaben mittels einer Wertnote von 0 (nicht gezeigt) bis 10 (ausgezeichnet) bewertet. Es wird entweder eine Note f\u00fcr die gesamte Aufgabe vergeben oder eine Gesamtnote, die sich aus separaten Noten f\u00fcr jede einzelne Lektion der Aufgabe ergibt. Die Pr\u00fcfungen werden auf einem genormten Dressurviereck einzeln oder in kleinen Gruppen durchgef\u00fchrt und von bis zu f\u00fcnf Richtern gemeinsam oder einzeln bewertet.<\/p>\n\n\n\n<p>Die Dressuraufgaben bestehen aus einer bestimmten Anzahl von Lektionen, die in einer bestimmten Reihenfolge oder, in einer K\u00fcr, auch mit Musikuntermalung in frei gew\u00e4hlter Abfolge gezeigt werden. Das Pferd bewegt sich dabei in den Grundgangarten Schritt, Trab und Galopp auf geraden und gebogenen Linien (Bahnfiguren), vorw\u00e4rts, seitw\u00e4rts oder auch r\u00fcckw\u00e4rts. In den h\u00f6heren Disziplinen der Dressur werden kompliziertere Bewegungsabl\u00e4ufe gezeigt (Traversale, Passage, Piaffe, Galopppirouette etc.).<\/p>\n\n\n\n<p>Je nach Ausbildungsstand von Pferd und Reiter gibt es Dressurpr\u00fcfungen in unterschiedlichen Schwierigkeitsstufen (A, L, LM ,M und S). Bewertet werden der Sitz und die Hilfengebung des Reiters, die Bewegung und die Rittigkeit des Pferdes sowie die Korrektheit der Ausf\u00fchrung der verlangten Lektionen.<\/p>\n","protected":false},"excerpt":{"rendered":"<p>Dressurreiten ist eine Disziplin des Pferdesports, bei der die nat\u00fcrlichen Veranlagungen des Pferdes durch gymnastische \u00dcbungen gef\u00f6rdert und verfeinert werden. Das Dressurreiten hat das rittige Pferd zum Ziel, das auf minimale Signale (\u201eHilfen\u201c) hin zum exakten Ausf\u00fchren einer gew\u00fcnschten Aufgabe (\u201eLektion\u201c) veranlasst werden kann. Die dressurm\u00e4\u00dfige Ausbildung des Pferdes stellt die Grundlage jeder reiterlichen Bet\u00e4tigung [&hellip;]<\/p>\n","protected":false},"author":2,"featured_media":0,"parent":0,"menu_order":0,"comment_status":"closed","ping_status":"closed","template":"","meta":[],"_links":{"self":[{"href":"http:\/\/pferdekultur.at\/index.php?rest_route=\/wp\/v2\/pages\/153"}],"collection":[{"href":"http:\/\/pferdekultur.at\/index.php?rest_route=\/wp\/v2\/pages"}],"about":[{"href":"http:\/\/pferdekultur.at\/index.php?rest_route=\/wp\/v2\/types\/page"}],"author":[{"embeddable":true,"href":"http:\/\/pferdekultur.at\/index.php?rest_route=\/wp\/v2\/users\/2"}],"replies":[{"embeddable":true,"href":"http:\/\/pferdekultur.at\/index.php?rest_route=%2Fwp%2Fv2%2Fcomments&post=153"}],"version-history":[{"count":9,"href":"http:\/\/pferdekultur.at\/index.php?rest_route=\/wp\/v2\/pages\/153\/revisions"}],"predecessor-version":[{"id":185,"href":"http:\/\/pferdekultur.at\/index.php?rest_route=\/wp\/v2\/pages\/153\/revisions\/185"}],"wp:attachment":[{"href":"http:\/\/pferdekultur.at\/index.php?rest_route=%2Fwp%2Fv2%2Fmedia&parent=153"}],"curies":[{"name":"wp","href":"https:\/\/api.w.org\/{rel}","templated":true}]}}