{"id":66,"date":"2020-07-14T08:22:07","date_gmt":"2020-07-14T08:22:07","guid":{"rendered":"http:\/\/pferdekultur.at\/?page_id=66"},"modified":"2020-07-14T08:30:00","modified_gmt":"2020-07-14T08:30:00","slug":"springreiten","status":"publish","type":"page","link":"http:\/\/pferdekultur.at\/?page_id=66","title":{"rendered":"Springreiten"},"content":{"rendered":"\n<p>Springreiten ist das \u00dcberwinden von Hindernissen zu Pferde. Es erfordert vom Reiter viel Geschicklichkeit, Balance, Rhythmusgef\u00fchl und pr\u00e4zise Einwirkung der Reiterhilfen, um ein Pferd korrekt \u00fcber Hindernisse zu reiten. Die Schwierigkeit beim Springreiten besteht darin, ein Pferd an den Sprung so heran zu reiten, dass das Pferd beim Absprung eine optimale Flugkurve entwickeln kann. Das Pferd darf also nicht zu nah am Hindernis abspringen, und auch nicht in zu gro\u00dfer Entfernung. Als Faustregel gilt, dass der Abstand vom Hindernis beim Absprung etwa der H\u00f6he des Hindernisses entsprechen sollte. Das hei\u00dft bei einer Hindernish\u00f6he von 1,20 Meter sollte das Pferd etwa 1,20 Meter vor dem Hindernis abspringen k\u00f6nnen. Es gibt feste Hindernish\u00f6hen f\u00fcr die bestimmten Klassen, dabei d\u00fcrfen 20 Prozent der Spr\u00fcnge in einem Parcours bis zu 10 Zentimeter erh\u00f6ht werden. Auch werden bei der Linienf\u00fchrung des Parcours bei h\u00f6heren Klassen zunehmende Anforderungen an die Rittigkeit des Pferdes und die taktische \u00dcbersicht des Reiters gestellt.<\/p>\n\n\n\n<div class=\"wp-block-columns is-layout-flex wp-container-3\">\n<div class=\"wp-block-column is-layout-flow\">\n<div class=\"alignnormal\"><div id=\"metaslider-id-58\" style=\"width: 100%;\" class=\"ml-slider-3-105-0 metaslider metaslider-flex metaslider-58 ml-slider has-dots-nav ms-theme-default\" role=\"region\" aria-label=\"Springen\" data-height=\"400\" data-width=\"600\">\n    <div id=\"metaslider_container_58\">\n        <div id=\"metaslider_58\">\n            <ul class='slides'>\n                <li style=\"display: block; width: 100%;\" class=\"slide-63 ms-image \" aria-roledescription=\"slide\" data-date=\"2020-07-14 08:17:59\" data-filename=\"FERDL_Lufti_01-scaled-600x400.jpg\" data-slide-type=\"image\"><img src=\"http:\/\/pferdekultur.at\/wp-content\/uploads\/2020\/07\/FERDL_Lufti_01-scaled-600x400.jpg\" height=\"400\" width=\"600\" alt=\"\" class=\"slider-58 slide-63 msDefaultImage\" title=\"FERDL_Lufti_01\" \/><\/li>\n                <li style=\"display: none; width: 100%;\" class=\"slide-64 ms-image \" aria-roledescription=\"slide\" data-date=\"2020-07-14 08:17:59\" data-filename=\"springen_02-553x369.jpg\" data-slide-type=\"image\"><img src=\"http:\/\/pferdekultur.at\/wp-content\/uploads\/2020\/07\/springen_02-553x369.jpg\" height=\"400\" width=\"600\" alt=\"\" class=\"slider-58 slide-64 msDefaultImage\" title=\"springen_02\" \/><\/li>\n                <li style=\"display: none; width: 100%;\" class=\"slide-65 ms-image \" aria-roledescription=\"slide\" data-date=\"2020-07-14 08:17:59\" data-filename=\"P1310202-scaled-600x400.jpg\" data-slide-type=\"image\"><img src=\"http:\/\/pferdekultur.at\/wp-content\/uploads\/2020\/07\/P1310202-scaled-600x400.jpg\" height=\"400\" width=\"600\" alt=\"\" class=\"slider-58 slide-65 msDefaultImage\" title=\"P1310202\" \/><\/li>\n            <\/ul>\n        <\/div>\n        \n    <\/div>\n<\/div><\/div>\n<\/div>\n\n\n\n<div class=\"wp-block-column is-layout-flow\"><\/div>\n<\/div>\n\n\n\n<p>Die Abmessungen der Hindernisse betragen normalerweise bis zu 1,60 m in der H\u00f6he und 2 m in der Tiefe. Wassergr\u00e4ben d\u00fcrfen maximal 4,50 m weit sein. In Einzelf\u00e4llen k\u00f6nnen diese Abmessungen deutlich \u00fcberschritten werden (Derby, M\u00e4chtigkeitspringen, Barrierenspringen). Bei Turnieren sind je nach Klasse verschiedene Mindest- und H\u00f6chstma\u00dfe zugelassen (nach LPO 2008).<\/p>\n\n\n\n<figure class=\"wp-block-image size-large is-resized\"><img decoding=\"async\" loading=\"lazy\" src=\"http:\/\/pferdekultur.at\/wp-content\/uploads\/2020\/07\/Unbenannt.png\" alt=\"\" class=\"wp-image-68\" width=\"493\" height=\"486\" srcset=\"http:\/\/pferdekultur.at\/wp-content\/uploads\/2020\/07\/Unbenannt.png 601w, http:\/\/pferdekultur.at\/wp-content\/uploads\/2020\/07\/Unbenannt-300x296.png 300w, http:\/\/pferdekultur.at\/wp-content\/uploads\/2020\/07\/Unbenannt-60x60.png 60w\" sizes=\"(max-width: 493px) 100vw, 493px\" \/><\/figure>\n","protected":false},"excerpt":{"rendered":"<p>Springreiten ist das \u00dcberwinden von Hindernissen zu Pferde. Es erfordert vom Reiter viel Geschicklichkeit, Balance, Rhythmusgef\u00fchl und pr\u00e4zise Einwirkung der Reiterhilfen, um ein Pferd korrekt \u00fcber Hindernisse zu reiten. Die Schwierigkeit beim Springreiten besteht darin, ein Pferd an den Sprung so heran zu reiten, dass das Pferd beim Absprung eine optimale Flugkurve entwickeln kann. Das [&hellip;]<\/p>\n","protected":false},"author":2,"featured_media":0,"parent":0,"menu_order":0,"comment_status":"closed","ping_status":"closed","template":"","meta":[],"_links":{"self":[{"href":"http:\/\/pferdekultur.at\/index.php?rest_route=\/wp\/v2\/pages\/66"}],"collection":[{"href":"http:\/\/pferdekultur.at\/index.php?rest_route=\/wp\/v2\/pages"}],"about":[{"href":"http:\/\/pferdekultur.at\/index.php?rest_route=\/wp\/v2\/types\/page"}],"author":[{"embeddable":true,"href":"http:\/\/pferdekultur.at\/index.php?rest_route=\/wp\/v2\/users\/2"}],"replies":[{"embeddable":true,"href":"http:\/\/pferdekultur.at\/index.php?rest_route=%2Fwp%2Fv2%2Fcomments&post=66"}],"version-history":[{"count":2,"href":"http:\/\/pferdekultur.at\/index.php?rest_route=\/wp\/v2\/pages\/66\/revisions"}],"predecessor-version":[{"id":69,"href":"http:\/\/pferdekultur.at\/index.php?rest_route=\/wp\/v2\/pages\/66\/revisions\/69"}],"wp:attachment":[{"href":"http:\/\/pferdekultur.at\/index.php?rest_route=%2Fwp%2Fv2%2Fmedia&parent=66"}],"curies":[{"name":"wp","href":"https:\/\/api.w.org\/{rel}","templated":true}]}}